 the remainder when 55 is divided by 60/9*24/10.
7
Let b(w) = 2*w**2 + 7*w. Let x be b(-5). Calculate the remainder when 11 is divided by (6/x)/(2/20).
3
Let y(f) = -f - 5. Let o be y(-7). Suppose -4*a - o*i = -44, 3*a - 35 = -0*i - 2*i. What is the remainder when a is divided by 5?
4
Suppose -2*z = 3*z - 200. What is the remainder when z is divided by 21?
19
Let p(n) = 3*n**2 - 3*n + 3. Calculate the remainder when 1*-5 - (-9 + -22 + 1) is divided by p(2).
7
Suppose 2*f - f = 5. Let h(l) = -f*l + 3 + 4 - 1. Calculate the remainder when h(-7) is divided by 14.
13
Suppose 4*k + 16 = 2*n - 0*k, -32 = -4*n + 5*k. Calculate the remainder when 20 is divided by n.
4
Suppose -2*x + 8 = 4*o - 20, -3*o + x + 16 = 0. Suppose 2*j + 5*i - 21 = 0, 1 = -0*i + i. What is the remainder when 3/o*(1 - -45) is divided by j?
7
Let j = -37 + 69. What is the remainder when j is divided by 18?
14
Let b(t) = t - 3. Let u be b(3). Suppose 0 = v - u*v - 10. Suppose 0 = 4*h + h - v. Calculate the remainder when h is divided by 1.
0
Let k = -17 - -32. What is the remainder when 102 is divided by k?
12
Let j(s) = -2*s**3 - 4*s**2 - 6*s - 22. What is the remainder when j(-3) is divided by 4?
2
Suppose 6*l - 10*l + 20 = 0. Suppose l*i - 17 = 4*i. Calculate the remainder when 32 is divided by i.
15
Let j be 0*(2 + (-6)/4). Calculate the remainder when j + 2 + -3 + 3 is divided by (1 + 2)/(9/6).
0
Let r be (-2 - -2)*1/3. Suppose -2*b + 12 = 3*l, 39 = 5*l - r*b - 3*b. Calculate the remainder when 17 is divided by l.
5
Let t(m) = m**2 - 5*m + 2. Let h be t(5). What is the remainder when 41 is divided by 6/(h - 0) - -11?
13
Let i(w) be the third derivative of 0*w + 1/12*w**4 + 0 + 0*w**3 + 2*w**2. What is the remainder when 11 is divided by i(3)?
5
Suppose -385*v + 380*v = -80. Suppose 2*h + 124 = 3*s, 0 = 3*s - h - 26 - 102. What is the remainder when s is divided by v?
12
Suppose -2*y - l + 24 = -17, 5*l = y - 26. Calculate the remainder when 41 is divided by y.
20
Let h(o) = 48*o**2 - 1. Calculate the remainder when h(-1) is divided by 25.
22
Let d(q) = -q**2 - 6*q + 3. Let h = 14 - 5. What is the remainder when 321/h + 4/(-6) is divided by d(-3)?
11
Let n(x) = -x**3 - 7*x**2 - 5*x + 4. Calculate the remainder when 115 is divided by n(-7).
37
Let o be 1*(4 - 0/(-3)). Let m = 2 + o. Calculate the remainder when m is divided by 4.
2
Suppose 0 = -2*r - 5*o + 37, 2*r - o - o - 2 = 0. Calculate the remainder when 4 is divided by r/(-12) + (-5)/(-2).
0
Suppose -36*f + 41*f - 285 = 0. Let x(t) = t**3 - t**2 + 15. Calculate the remainder when f is divided by x(0).
12
Let y = 27 + -20. What is the remainder when 20 is divided by y?
6
Let i(q) = q**2 + 4*q + 11. What is the remainder when i(-17) is divided by 59?
55
Let d(x) = -2*x + 2. Let a be d(-5). Suppose a = -0*i + 3*i. Calculate the remainder when 2/(-6) + (-170)/(-15) is divided by i.
3
Suppose 5*y - 5*j - 4 - 1 = 0, j - 4 = 0. What is the remainder when 18 is divided by y?
3
Let y(s) = 4*s + 10. Let i(u) = -u - 3. Let a(g) = -20*i(g) - 6*y(g). Calculate the remainder when a(-7) is divided by ((-24)/(-30))/((-4)/(-50)).
8
Let u(c) = -c**3 - c**2 - c + 1. Calculate the remainder when 18 is divided by u(-2).
4
Suppose 0 = -4*g + 4*n + 120, -g - 4*n + 42 = n. Calculate the remainder when g is divided by 12.
8
Suppose 0*p + 5*t + 21 = -p, 3*t + 35 = 5*p. What is the remainder when 14 is divided by p?
2
Suppose 0 = -3*b + b + 20. Let m = 44 - b. Calculate the remainder when m is divided by 12.
10
Let i = 34 + -13. What is the remainder when 80 is divided by i?
17
Suppose 4*w - 125 - 39 = 0. Suppose -2*q - 3*b = -21, -4*q - 3*b + w + 16 = 0. Calculate the remainder when q is divided by 7.
4
Suppose 2*l = 5*s - 74, -2*s + 0*l + l + 30 = 0. What is the remainder when 27 is divided by s?
13
Let j(n) = -7*n**3 + n. Calculate the remainder when j(-2) is divided by 28.
26
Let s = -8 - -31. Calculate the remainder when s is divided by 13.
10
Suppose -5*k = 114 + 76. Let p = 62 + k. Calculate the remainder when 69 is divided by p.
21
Suppose 4*b - 1 - 79 = 0. What is the remainder when b is divided by 12?
8
Suppose 5*t = 5*z + 35, 3*z + 22 = 2*t - z. Suppose -22 = -t*s + 2*g, 3*s + g + 0*g = 34. What is the remainder when 28 is divided by s?
8
Let j = 128 - 61. Suppose 5*z = j + 108. Calculate the remainder when z is divided by 18.
17
Suppose 4*y = 2*b + 66, 10*b - 6*b = -4*y + 60. Suppose u + 2*u = -2*o + 109, 5*o + 5*u = 285. What is the remainder when o is divided by y?
14
Let s = -234 + 375. Calculate the remainder when s is divided by 12.
9
Let q = -15 - -18. Suppose 3*i = q + 27. Calculate the remainder when i is divided by 3.
1
Suppose r = 5*l + 28, -4*r + 150 = -5*l + 4*l. Let d = r - 0. Calculate the remainder when d is divided by 10.
8
Suppose -5*h - 101 = -3*q - 22, -3*q = 4*h - 61. Suppose 3*n = -2*n + 65. Calculate the remainder when q is divided by n.
10
Suppose g + 4*r - 1 = 18, 2*g - 52 = -r. What is the remainder when 51 is divided by g?
24
Let j be ((-1)/(-2))/((-1)/206). Let k = -58 - j. Calculate the remainder when k is divided by 12.
9
Let u = 5 + 1. Let q(s) = -s**3 - 5*s**2 + 6*s + 7. What is the remainder when q(-6) is divided by (6*-1)/((-9)/u)?
3
Suppose -4 = -2*i, 3*t - 5 = -3*i + 37. Suppose m = 3*m. Suppose m*r = -2*r + 44. Calculate the remainder when r is divided by t.
10
Suppose 3*s = 4*x + 35, -4*s + 3*x = -28 - 14. Suppose -j - 3*p + 19 = 0, -63 = -2*j + 3*p - 4*p. Calculate the remainder when j is divided by s.
7
Let a = -119 + 168. Calculate the remainder when 194 is divided by a.
47
Suppose -5*h + 3*h = -4. What is the remainder when h is divided by 2?
0
Let j(b) = b**3 + 4*b**2 - 3*b + 2. Let m be j(-4). Suppose f = -0*f + m. What is the remainder when 25 is divided by f?
11
Calculate the remainder when 93 is divided by (-657)/(-27) - 1/3.
21
Let m = 78 - 65. Calculate the remainder when (0/1)/(-1) + 25 is divided by m.
12
Suppose 4*z - t = -0*z + 16, 2*z - 4*t - 22 = 0. Suppose z*x = -2*x + 15. Calculate the remainder when 6 is divided by x.
0
Calculate the remainder when (2/(-5))/((-7)/490) is divided by (-6)/(-9) + (-56)/(-6).
8
Suppose -2*v - 5*h = -24, 4*v + 3*h = -12 + 32. Suppose -3*m - v*z = -55, -z = 3*m - 85 + 29. What is the remainder when 35 is divided by m?
16
Suppose -4 = 3*x - 10. Calculate the remainder when 2 is divided by x.
0
Let i(j) = -j**3 + 5*j**2 + 5*j + 1. Let f be i(5). Let v(w) = 3*w + 2. Let n be v(-6). Let k = n + f. What is the remainder when 29 is divided by k?
9
Let c(u) = -u**2 - 7*u + 13. What is the remainder when 13 is divided by c(-8)?
3
Let x be -17 + 0/1 + 2. Let n be ((-10)/x)/((-4)/(-18)). Suppose 0 = -n*b + 3*v + 33, -4*b - 2*v = -v - 44. Calculate the remainder when 32 is divided by b.
10
Let z(y) = -y**3 + 6*y - 6*y - 45. Let f be z(0). Let o = -29 - f. What is the remainder when 61 is divided by o?
13
Let j = 0 - -7. Suppose 3*x + 2*f = 29, -5*x + 4*f = j - 70. Suppose -3*n = -5*n + 40. Calculate the remainder when n is divided by x.
9
Suppose 16 = -3*v + 5*h, 0 = 5*v - 5*h - 0*h + 10. Let d(c) = c**3 + c**2 - c + 2. Let b = 26 + -14. What is the remainder when d(v) is divided by b?
11
Let k(i) = 33*i - 6. Let n(d) = -d**3 - 4*d**2 + 3*d - 4. Let m be n(-5). Let v be k(m). What is the remainder when (2/4)/(2/v) is divided by 17?
14
Let c(l) = -l**2 + 6*l + 4. What is the remainder when 14 is divided by c(6)?
2
Let i be (-3)/(((-54)/80)/9). Let q = -21 + i. Let s = 59 - 3. What is the remainder when s is divided by q?
18
Suppose 0 = -l - 0*d - 2*d + 19, 4*d - 25 = -l. Calculate the remainder when l is divided by 5.
3
What is the remainder when (-3)/(45/(-6)) + (-2352)/(-20) is divided by 24?
22
What is the remainder when 76 is divided by (-16)/(-10)*((-2 - -13) + -1)?
12
Let q(o) = -18*o + 4. Let z be q(5). Let c = -40 - z. What is the remainder when 16 is divided by (-3)/15 - c/(-5)?
7
Let j(a) = -2*a**2 - 7*a + 6. Let t be j(-6). Let f(u) = u**3 + 5*u**2 + u + 3. Let k be f(-6). Let i = t - k. What is the remainder when 29 is divided by i?
14
Suppose 6*y - 135 = y. What is the remainder when 80 is divided by y?
26
Suppose 13*w + 820 = 23*w. Calculate the remainder when w is divided by 12.
10
Let d = 95 + -66. What is the remainder when 85 is divided by d